 -3*b = -6*b - 0*b. What are the prime factors of 38 + -35 - (b + 1 + -38)?
2, 5
Let m = 917 - 56. List the prime factors of m.
3, 7, 41
Let t be ((-182)/21)/(4/6). Let r = 12 + t. What are the prime factors of (-122)/6*(r + -2)?
61
Suppose 25*v = 7*v + 12546. List the prime factors of v.
17, 41
Let d(t) be the first derivative of t**6/45 + t**5/120 + t**4/12 - 5*t**3/3 - 1. Let r(y) be the third derivative of d(y). List the prime factors of r(3).
7, 11
Suppose 2*z + g + 4 - 22 = 0, 0 = -5*z + 4*g + 19. List the prime factors of 505/4 - (81/(-12) + z).
2, 3, 7
Suppose -r + 0*r - 4*w = -221, -2*r - 3*w = -467. Suppose -3*s + 74 + r = -c, 5*c - 315 = -3*s. List the prime factors of s.
3, 5, 7
Let s(t) = -t**3 - 17*t**2 - 27*t + 9. List the prime factors of s(-23).
2, 3, 317
Let a(f) = 24*f - 46 + 18 - 13 - 4*f. What are the prime factors of a(7)?
3, 11
Let x(z) = z + 44. Let r be x(-20). Let d(q) = q**2 - 2. Let u be d(-4). Suppose -b + u = -r. List the prime factors of b.
2, 19
Suppose -4*f - 3*r + 3188 = 0, f + 5*r = 3*r + 792. List the prime factors of f.
2, 5
Let b be (-3 - (-2 + -2)) + 1 + 505. Suppose -81 - b = -3*x. What are the prime factors of x?
2, 7
Suppose -4*m - 12 = -m - 5*x, -51 = 5*m + 2*x. Let c(h) = -h**2 - 18*h - 47. List the prime factors of c(m).
2, 17
Let j(r) = r**2 - 10*r + 27. Let b be j(11). Let m = b + 49. List the prime factors of m.
3, 29
Suppose 9875 = 5*i - o + 4*o, -4*o - 1998 = -i. List the prime factors of i.
2, 23, 43
Suppose -5*c - 20 - 10 = 0. List the prime factors of (-297)/(-45) + c/10.
2, 3
Let d(r) = 5*r**2 + 2*r - 2. Let o be d(2). What are the prime factors of (-4)/o + 11570/110?
3, 5, 7
Let t = -2 - -3. Let q(m) = -m - t - 1 + 4 + 3. What are the prime factors of q(-5)?
2, 5
Let g(b) = 18*b. List the prime factors of g(5).
2, 3, 5
Suppose 9*r + 11440 = 35*r. List the prime factors of r.
2, 5, 11
Let o = 20 - 44. Let q = 31 + o. List the prime factors of q.
7
Suppose -15 = -2*m + 2*w + w, 10 = m - 2*w. Let y(g) = 3 - 138*g + 138*g - g**2. What are the prime factors of y(m)?
3
Suppose 4*m = g + 17, 0 = -m - 4*m + 2*g + 22. Suppose -1 = v - m. What are the prime factors of v - (24/(-3) - -4)?
7
Suppose 45 + 123 = 2*g. Let a = -12 + g. What are the prime factors of a?
2, 3
Let a = 904 - -782. List the prime factors of a.
2, 3, 281
Let q(k) = -25*k**2 - 2*k - 33. Let t(c) = 13*c**2 + c + 17. Let r(d) = -3*q(d) - 5*t(d). What are the prime factors of r(-3)?
101
Suppose 8*w + 0 = 16. List the prime factors of (-3)/w*2272/(-24).
2, 71
Suppose 0 = a - u - 877, -10*a = -12*a + u + 1752. List the prime factors of a.
5, 7
Let h = -9 + 16. Suppose t - 3 = -h. List the prime factors of 68 - (-1 - -1)/t.
2, 17
Let o = 36 + -23. Suppose -o - 41 = -j. What are the prime factors of j?
2, 3
Let c be 3/(-1) + 3 - -4. Let h(q) = 2*q**3 - 6*q**2 + 6*q - 10. What are the prime factors of h(c)?
2, 23
Let t be (-72)/40*20/(-6). Suppose z - 20 = t*z. Let c(s) = 3*s**2 + 2*s - 7. List the prime factors of c(z).
3, 11
What are the prime factors of (-1896884)/(-570) + ((-32)/(-15) - 2)?
2, 13
List the prime factors of (86/6)/(15/90).
2, 43
Let u(c) be the third derivative of -13*c**4/6 - 13*c**3/3 - 44*c**2. What are the prime factors of u(-4)?
2, 7, 13
Suppose -42*z + 80*z = 38342. List the prime factors of z.
1009
Let y(m) = 116*m**2 - m - 2. Let w be y(-1). Suppose 2*l - w = 275. What are the prime factors of l?
3, 5, 13
Let j be (-5)/(-30) + 3/(-18). Suppose j*f + 5*f = 245. What are the prime factors of f?
7
Let l(x) = x**3 - 18*x**2 + 15*x + 15. Let g be l(17). What are the prime factors of 8*4 - g/(-19)?
31
Let s(v) = v**3 + 5*v**2 + 5*v + 6. Let o be s(-4). Suppose 13 = -z - 4*b, -o*z - b - 28 = z. What are the prime factors of 1424/72 + (-2)/z?
2, 5
Let m = -1842 - -4148. List the prime factors of m.
2, 1153
Let d(f) = 1524*f**2 - f - 1. What are the prime factors of d(-1)?
2, 3, 127
What are the prime factors of (-8790)/(-5)*17/17?
2, 3, 293
Suppose -2*d = 3*d - 4*u - 57, 4*d = -4*u + 60. Let w(a) = a. Let m be w(0). Let c = m + d. List the prime factors of c.
13
Suppose 2*j - 4*j = 48. Let b = 58 + j. List the prime factors of b.
2, 17
Let t(x) = -125*x - 91. List the prime factors of t(-7).
2, 7
List the prime factors of ((-5688)/(-7))/8 + 8/(-14).
101
Let o = -103 - -460. What are the prime factors of o?
3, 7, 17
Suppose 2*v = 6, -2*l = -l - v + 1. Let d(r) = 2*r**3 + r - 2. List the prime factors of d(l).
2
Let c(m) = -m**3 - m**2 - m. Let s = -15 - -14. Let h(g) = 4*g**3 + 4*g**2 + 6*g - 7. Let t(o) = s*h(o) - 5*c(o). List the prime factors of t(0).
7
Suppose 0 = -4*l + 6 - 422. Let i = l + 170. What are the prime factors of i?
2, 3, 11
Let w = 6239 + -4358. What are the prime factors of w?
3, 11, 19
Let f = 520 - -2146. List the prime factors of f.
2, 31, 43
Let w be (4/6)/((-6)/(-9)). Let h be -1 - w - (-8 + 3). Let m = h - -7. What are the prime factors of m?
2, 5
Suppose -150*v + 3960 = 3*d - 147*v, 4*d = v + 5275. List the prime factors of d.
1319
Let d be (-30)/(-6) - (2 + 1). Let n(q) = 9*q**3 + 1 - 10*q**3 + 3*q**2 - 2*q**d - q. List the prime factors of n(-3).
2, 5
Let a(s) be the first derivative of 28*s**3/3 + 3*s**2/2 + 5. What are the prime factors of a(-2)?
2, 53
Let u = 638 - 258. List the prime factors of u.
2, 5, 19
Let w(k) = k**2 + 6. Suppose 0 = -2*r - 17 - 25. Let h = r - -17. What are the prime factors of w(h)?
2, 11
Suppose -4*t + 53 = 113. Let o = -12 - t. List the prime factors of o.
3
Let z(n) = -2*n**2 - 6*n + 0*n**2 + 3*n**2 + 4*n + 26. What are the prime factors of z(0)?
2, 13
Suppose 4*g = 13*g - 5472. What are the prime factors of g?
2, 19
Let v be 6/2 - 21/7. Let u be (11 - (v - 0)) + 0. Let z(m) = m**3 - 10*m**2 - 8*m + 9. List the prime factors of z(u).
2, 3, 7
Suppose 4*b - 3*f - 1 - 11 = 0, -12 = -4*b - 4*f. Suppose 2*d = 4*d - s - 91, -5*s = b*d - 156. List the prime factors of d.
47
Suppose 2*g + 0*g - 6 = 0. Suppose a = -g*v - 0 + 17, -3*a = 2*v - 9. List the prime factors of v.
2, 3
Suppose -d + r = 4*r - 46, 2*d + 4*r - 92 = 0. Let j = d - 18. What are the prime factors of j?
2, 7
Let i(x) = -3*x**2 - 4*x - 2. Let k be i(-2). Let r be 0 - 3/(k/(-238)). Let w = -69 - r. List the prime factors of w.
2, 5
Suppose 0*p - 4*k = -p + 532, 0 = 2*p + 2*k - 1094. What are the prime factors of p?
2, 17
Suppose -2*d + 2732 = 10*s - 8*s, 0 = s - 5*d - 1366. What are the prime factors of s?
2, 683
Suppose 10*y - 29953 = 3077. What are the prime factors of y?
3, 367
Suppose -7 - 3 = -5*x. Suppose -x*d + d = -2*w + 137, w - 58 = -3*d. List the prime factors of w + -3 + 1 - 1.
2
Let m = 523 - 305. Suppose 5*t = -5*r + 375 + 170, m = 2*r + 3*t. What are the prime factors of r?
109
Let v = 11 - 8. Suppose -o + v*o = 256. Suppose 3*b + 20 = o. What are the prime factors of b?
2, 3
Let c = -54 - -22. List the prime factors of (-1)/8 - 2116/c.
2, 3, 11
List the prime factors of ((-286)/44)/(1/(-2)).
13
Suppose -3*o = -5 - 1. Let k(y) = -14 - 4*y + 5*y + 31 - o*y. List the prime factors of k(7).
2, 5
Suppose 46 = 3*s - 32. Suppose -z - 3*v = -0*z - s, -12 = -4*v. Let a = z - 12. What are the prime factors of a?
5
Suppose -6 = 5*y - 56. Let t be -3 + y + (-8 - -4). Suppose 2*z - 30 = -4*b, 3*z + t*b - 44 - 4 = 0. List the prime factors of z.
17
Let z = -49 + 51. What are the prime factors of 5 - (-15376)/120 - z/15?
7, 19
Suppose 3*n - 728 = 7. Suppose -5*r = -n - 275. List the prime factors of r.
2, 13
What are the prime factors of (-9316)/(-14) + 96/168?
2, 3, 37
Let p(x) = x**3 - 2*x**2 - 9*x + 9. Let t(u) = u**3 + 17*u**2 - u - 10. Let c be t(-17). What are the prime factors of p(c)?
191
Suppose 0 = 2*l - y + 3, 2*y - 10 = 6*l - l. What are the prime factors of 156/42 + l + 1306/14?
3, 31
Let u(x) = x**2 - 10*x. Let l be 2/(-5) + (-1617)/(-105). What are the prime factors of u(l)?
3, 5
Let d(z) = 75*z + 14. Let a be d(-2). List the prime factors of -3 + (a + -4)/(-2).
67
Suppose -2*w + 18 = -6. Let b be (w/5)/(6/195). Let x = 133 - b. What are the prime factors of x?
5, 11
Let p(r) = r**3 - 8*r**2 - 9*r + 1. Let w be p(9). Let j = w - -16. Let s = 36 - j. What are the prime factors of s?
19
Let v(i) = 5*i**3 - 7*i**2 - 3*i + 11. Let t(n) = n**3 - n. Let u(l) = 6*t(l) - v(l). List the prime